{"id":4941,"date":"2014-07-28T13:15:34","date_gmt":"2014-07-28T11:15:34","guid":{"rendered":"http:\/\/wedesignthemes.com\/themes\/dt-spalab\/?page_id=7"},"modified":"2025-07-08T13:31:42","modified_gmt":"2025-07-08T11:31:42","slug":"home-page","status":"publish","type":"page","link":"https:\/\/mobile-h\u00e4nde.de\/wordpress_mh\/","title":{"rendered":"Home"},"content":{"rendered":"<div class='fullwidth-section skin-bg dark-bg gradient-bg '  style=\"background-repeat:no-repeat;background-position:left top;padding-top:1px;padding-bottom:1px;\">  <div class=\"fullwidth-bg\">\t<div class=\"container\"><img loading=\"lazy\" decoding=\"async\" class=\"wp-image-6433 size-full aligncenter\" src=\"http:\/\/mobile-h\u00e4nde.de\/wp-content\/uploads\/2014\/07\/Trenner_Test_3.png\" alt=\"\" width=\"90\" height=\"35\" \/>\t<\/div>  <\/div><\/div>\n<div class='fullwidth-section  '  style=\"background-repeat:no-repeat;background-position:left top;padding-top:15px;padding-bottom:30px;\">  <div class=\"fullwidth-bg\">\t<div class=\"container\"><div class='dt-sc-hr-invisible-small  '><\/div>\n<div class=\"dt-sc-clear\"><\/div>\n<div  class='column dt-sc-one-half  first'><img loading=\"lazy\" decoding=\"async\" class=\"alignnone wp-image-6100\" src=\"http:\/\/deepa-senarath.de\/wordpress_mh\/wp-content\/uploads\/2016\/07\/Deepa_senarath_1-200x300.jpg\" alt=\"Deepa_senarath_1\" width=\"400\" height=\"600\" srcset=\"https:\/\/mobile-h\u00e4nde.de\/wp-content\/uploads\/2016\/07\/Deepa_senarath_1-200x300.jpg 200w, https:\/\/mobile-h\u00e4nde.de\/wp-content\/uploads\/2016\/07\/Deepa_senarath_1-768x1152.jpg 768w, https:\/\/mobile-h\u00e4nde.de\/wp-content\/uploads\/2016\/07\/Deepa_senarath_1-682x1024.jpg 682w, https:\/\/mobile-h\u00e4nde.de\/wp-content\/uploads\/2016\/07\/Deepa_senarath_1.jpg 913w\" sizes=\"auto, (max-width: 400px) 100vw, 400px\" \/>\n<p>Ihr Masseur <a href=\"http:\/\/deepa-senarath.de\/wordpress_mh\/masseur\/\">Deepa Senarath<\/a><\/p>\n<h5 class='dark-title'><span>Das Wichtigste auf einen Blick:<\/span><\/h5>\n<ul class='dt-sc-numbered-list'>\n<li><span>1<\/span>Was ist mobile medizinische Massage?<\/li>\n<\/ul>\nWir massieren Sie zu Hause, an Ihrem Arbeitsplatz oder im Rahmen von Events. Das erspart Ihnen Anfahrtswege, Parkplatzsuche, Parkgeb\u00fchren und Terminstress.<\/p>\n<ul class='dt-sc-numbered-list'>\n<li><span>2<\/span>Wie l\u00e4uft alles ab?<\/li>\n<\/ul>\n<p>Wir bringen alles mit, was f\u00fcr die Massage ben\u00f6tigt wird, eine Massageliege, Handt\u00fccher, Massage\u00f6l und auf Wunsch Entspannungsmusik. Zu einem vereinbarten Zeitpunkt kommen wir zu Ihnen ins Haus.<\/p>\n<ul class='dt-sc-numbered-list'>\n<li><span>3<\/span>Wie buche ich einen Termin?<\/li>\n<\/ul>\n<p>Ganz einfach auf den Button <a href=\"http:\/\/deepa-senarath.de\/wordpress_mh\/appointments\/\">\u201eTerminanfrage\u201c<\/a> klicken und Wunschtermin anfragen, wir antworten Ihnen innerhalb von maximal 24 Stunden!<\/p>\n<ul class='dt-sc-numbered-list'>\n<li><span>4<\/span>Welche Kosten entstehen?<\/li>\n<\/ul>\n<p>Die Kosten richten sich nach der Dauer der Massage. F\u00fcr die Anfahrt berechnen wir 0,50 \u20ac pro Kilometer, ab 3 Personen ist die Anfahrt inklusive.<\/p>\n<ul class='dt-sc-numbered-list'>\n<li><span>5<\/span>\u00dcbernimmt die Krankenkasse die Kosten?<\/li>\n<\/ul>\n<p>Die Krankenkasse \u00fcbernimmt keine Kosten f\u00fcr die mobile medizinische Massage<\/p>\n<ul class='dt-sc-numbered-list'>\n<li><span>6<\/span>Wie weit fahren wir?<\/li>\n<\/ul>\n<p>Wir arbeiten im Gro\u00dfraum K\u00f6ln\/Bonn. Gerne unterbreiten wir Ihnen ein Angebot, wenn Sie au\u00dferhalb dieses Gebietes eine mobile medizinische Massage buchen m\u00f6chten.<\/p>\n<div class='dt-sc-hr-invisible-small  '><\/div>\n<div class=\"dt-sc-clear\"><\/div><\/div>\n<div  class='column dt-sc-one-half  '><p style=\"text-align: left;\"><b><b>Mobile Medizinische Massage &#8211; ganz bequem bei Ihnen\n<\/b><\/b><b>zu Hause \u2013 am Arbeitsplatz \u2013 im Hotel \u2013 bei Events<\/b><\/p>\n<p>Hier erhalten Sie Informationen zu den Massagen, die wir mobil bei Ihnen zu Hause, am Arbeitsplatz oder bei Events anbieten.<\/p>\n<p style=\"text-align: left;\" align=\"center\">Wir sind auch gerne an Wochenenden und Feiertagen f\u00fcr Sie da!<\/p>\n<p style=\"text-align: left;\">G\u00f6nnen Sie Ihrem K\u00f6rper und Ihrer Seele eine Auszeit vom Alltagsstress.\nGenie\u00dfen Sie die unterschiedlichen Massagetechniken durch Profih\u00e4nde.\nNehmen Sie sich Zeit zum Entspannen und verbessern Sie Ihre Leistungsf\u00e4higkeit &#8211; privat und\/oder beruflich.<\/p>\n<p>Genie\u00dfen Sie die Vorteile der Mobilen Medizinischen Massage in Ihrem gew\u00fcnschten Umfeld \u2013 zu Hause oder am Arbeitsplatz! Sie sparen Zeit und haben keine Anfahrtswege, m\u00fcssen keinen Parkplatz suchen und sparen die Parkgeb\u00fchren.<\/p>\n<p>Ob verspannt von einer langen Reise, gestresst von der Arbeit oder Muskelkater nach dem Sport &#8211; eine Massage w\u00e4re jetzt auf jeden Fall ein absoluter Traum? Am besten mit duftenden Aroma-\u00d6len und am allerbesten direkt zu Hause.<\/p>\n<p>Ach ja, ein Traum eben\u2026-jetzt nicht mehr! Wir kommen und helfen Ihnen gerne!<\/p>\n<p>In der gewohnten h\u00e4uslichen Umgebung genie\u00dft man jede Massage noch mehr und entspannt schnell und langanhaltend. Auch am Arbeitsplatz k\u00f6nnen Massagen durchgef\u00fchrt werden. Lassen Sie sich von allen Verspannungen befreien.<\/p>\n<p>Die Anfahrt ist in den Massagepreisen nicht enthalten. Wir berechnen 0,50 \u20ac pro Kilometer.<\/p>\n<p>Handt\u00fccher, Entspannungsmusik, Massagebank und\/oder Massagestuhl bringen wir mit.<\/p>\n<img loading=\"lazy\" decoding=\"async\" class=\"wp-image-6529 size-full aligncenter\" src=\"http:\/\/mobile-h\u00e4nde.de\/wp-content\/uploads\/2016\/10\/Logo_MH.png\" alt=\"\" width=\"300\" height=\"124\" \/>\n<div class='dt-sc-hr-invisible-small  '><\/div>\n<div class=\"dt-sc-clear\"><\/div><\/div>\n<div class='dt-sc-hr-medium '><\/div>\n<div  class='column dt-sc-one-half  first'><div class='dt-sc-titled-box  orange '><h6 class='dt-sc-titled-box-title' >  Terminanfrage<\/h6><div class='dt-sc-titled-box-content'>Sie m\u00f6chten einen Termin vereinbaren? Dann f\u00fcllen Sie einfach das folgende Formular aus. Die Anfrage bearbeiten wir sofort oder innerhalb von maximal 24 Stunden.\u00a0<\/div><\/div>\n\n<div class=\"wpcf7 no-js\" id=\"wpcf7-f4088-o1\" lang=\"en-US\" dir=\"ltr\" data-wpcf7-id=\"4088\">\n<div class=\"screen-reader-response\"><p role=\"status\" aria-live=\"polite\" aria-atomic=\"true\"><\/p> <ul><\/ul><\/div>\n<form action=\"\/wordpress_mh\/wp-json\/wp\/v2\/pages\/4941#wpcf7-f4088-o1\" method=\"post\" class=\"wpcf7-form init\" aria-label=\"Contact form\" novalidate=\"novalidate\" data-status=\"init\">\n<fieldset class=\"hidden-fields-container\"><input type=\"hidden\" name=\"_wpcf7\" value=\"4088\" \/><input type=\"hidden\" name=\"_wpcf7_version\" value=\"6.1\" \/><input type=\"hidden\" name=\"_wpcf7_locale\" value=\"en_US\" \/><input type=\"hidden\" name=\"_wpcf7_unit_tag\" value=\"wpcf7-f4088-o1\" \/><input type=\"hidden\" name=\"_wpcf7_container_post\" value=\"0\" \/><input type=\"hidden\" name=\"_wpcf7_posted_data_hash\" value=\"\" \/>\n<\/fieldset>\n<p>Welche Massage w\u00fcnschen Sie?\n<span class=\"wpcf7-form-control-wrap\" data-name=\"department-field\"><select class=\"wpcf7-form-control wpcf7-select\" aria-invalid=\"false\" name=\"department-field\"><option value=\"W\u00e4hlen Sie eine Massage\">W\u00e4hlen Sie eine Massage<\/option><option value=\"Akupressur\">Akupressur<\/option><option value=\"Aromatherapie\">Aromatherapie<\/option><option value=\"Ayurveda\">Ayurveda<\/option><option value=\"Fu\u00dfreflexzonenmassage\">Fu\u00dfreflexzonenmassage<\/option><option value=\"Klassische Medizinische Massage\">Klassische Medizinische Massage<\/option><option value=\"Shiatsu Massage\">Shiatsu Massage<\/option><option value=\"Individuelle Massage\">Individuelle Massage<\/option><option value=\"Kopfschmerztherapie\">Kopfschmerztherapie<\/option><option value=\"Unklar (Bitte beraten Sie mich)\">Unklar (Bitte beraten Sie mich)<\/option><\/select><\/span>\n<\/p>\n<div class=\"clear\">\n<\/div>\n<div class=\"hr-invisible-very-small\">\n<\/div>\n<div class=\"column dt-sc-one-half first\">\n\t<p>Ihr Wunschtermin\n<span class=\"wpcf7-form-control-wrap\" data-name=\"datum-text\"><input size=\"40\" maxlength=\"400\" class=\"wpcf7-form-control wpcf7-text wpcf7-validates-as-required\" aria-required=\"true\" aria-invalid=\"false\" placeholder=\"15.12.2016\" value=\"\" type=\"text\" name=\"datum-text\" \/><\/span>\n\t<\/p>\n<\/div>\n<div class=\"column dt-sc-one-half first\">\n\t<div class=\"hr-invisible-very-small\">\n\t<\/div>\n\t<div class=\"hr-invisible-small\">\n\t<\/div>\n\t<p>Pers\u00f6nliche Angaben:\n<span class=\"wpcf7-form-control-wrap\" data-name=\"sex-field\"><span class=\"wpcf7-form-control wpcf7-radio\"><span class=\"wpcf7-list-item first\"><input type=\"radio\" name=\"sex-field\" value=\"Herr\" \/><span class=\"wpcf7-list-item-label\">Herr<\/span><\/span><span class=\"wpcf7-list-item last\"><input type=\"radio\" name=\"sex-field\" value=\"Frau\" \/><span class=\"wpcf7-list-item-label\">Frau<\/span><\/span><\/span><\/span>\n\t<\/p>\n<\/div>\n<div class=\"column dt-sc-one-half first\">\n\t<p><span class=\"wpcf7-form-control-wrap\" data-name=\"your-fname\"><input size=\"40\" maxlength=\"400\" class=\"wpcf7-form-control wpcf7-text wpcf7-validates-as-required\" aria-required=\"true\" aria-invalid=\"false\" placeholder=\"Vorname  (Pflichtangabe)\" value=\"\" type=\"text\" name=\"your-fname\" \/><\/span>\n\t<\/p>\n<\/div>\n<div class=\"column dt-sc-one-half\">\n\t<p><span class=\"wpcf7-form-control-wrap\" data-name=\"your-lname\"><input size=\"40\" maxlength=\"400\" class=\"wpcf7-form-control wpcf7-text wpcf7-validates-as-required\" aria-required=\"true\" aria-invalid=\"false\" placeholder=\"Nachname  (Pflichtangabe)\" value=\"\" type=\"text\" name=\"your-lname\" \/><\/span>\n\t<\/p>\n<\/div>\n<div class=\"clear\">\n<\/div>\n<div class=\"hr-invisible-very-small\">\n<\/div>\n<div class=\"column dt-sc-one-half first\">\n\t<p><span class=\"wpcf7-form-control-wrap\" data-name=\"email-id\"><input size=\"40\" maxlength=\"400\" class=\"wpcf7-form-control wpcf7-email wpcf7-validates-as-required wpcf7-text wpcf7-validates-as-email\" aria-required=\"true\" aria-invalid=\"false\" placeholder=\"Ihre Email  (Pflichtangabe)\" value=\"\" type=\"email\" name=\"email-id\" \/><\/span>\n\t<\/p>\n<\/div>\n<div class=\"column dt-sc-one-half\">\n\t<p><span class=\"wpcf7-form-control-wrap\" data-name=\"phone-no\"><input size=\"40\" maxlength=\"400\" class=\"wpcf7-form-control wpcf7-tel wpcf7-validates-as-required wpcf7-text wpcf7-validates-as-tel\" aria-required=\"true\" aria-invalid=\"false\" placeholder=\"Telefon  (Pflichtangabe)\" value=\"\" type=\"tel\" name=\"phone-no\" \/><\/span>\n\t<\/p>\n<\/div>\n<div class=\"clear\">\n<\/div>\n<div class=\"hr-invisible-very-small\">\n<\/div>\n<p><span class=\"wpcf7-form-control-wrap\" data-name=\"your-message\"><textarea cols=\"40\" rows=\"10\" maxlength=\"2000\" class=\"wpcf7-form-control wpcf7-textarea wpcf7-validates-as-required\" aria-required=\"true\" aria-invalid=\"false\" placeholder=\"Ihre Nachricht (Pflichtangabe)\" name=\"your-message\"><\/textarea><\/span>\n<\/p>\n<div class=\"clear\">\n<\/div>\n<div class=\"hr-invisible-very-small\">\n<\/div>\n<p><input class=\"wpcf7-form-control wpcf7-submit has-spinner\" type=\"submit\" value=\"Terminanfrage senden\" \/>\n<\/p><div class=\"wpcf7-response-output\" aria-hidden=\"true\"><\/div>\n<\/form>\n<\/div>\n\n<div class='dt-sc-hr-invisible-small  '><\/div>\n<div class=\"dt-sc-clear\"><\/div><\/div>\n<div  class='column dt-sc-one-half  '><div class='dt-sc-titled-box  orange '><h6 class='dt-sc-titled-box-title' >  Preise<\/h6><div class='dt-sc-titled-box-content'>Wir bringen alles was wir brauchen mit (Handt\u00fccher, Massage\u00f6le und eine Massageliege).<\/div><\/div>\n<ul class='dt-sc-fancy-list   arrow'>\n<li>30 Minuten \/ 50,00 \u20ac<\/li>\n<li>60 Minuten \/ 80,00 \u20ac<\/li>\n<li>F\u00fcr Events, Gruppen und Firmen unterbreiten wir individuelle Angebote<\/li>\n<\/ul>\n<h5 class='dark-title'><span>Leistungen inklusive:<\/span><\/h5>\n<ul class='dt-sc-numbered-list'>\n<li><span>1<\/span>Massage bei Ihnen (zu Hause, Firma, Event&#8230;)<\/li>\n<li><span>3<\/span>Hochwertige Massage\u00f6le<\/li>\n<li><span>3<\/span>Handt\u00fccher<\/li>\n<li><span>3<\/span>Massageliege<\/li>\n<li><span>3<\/span>Wellnesspaket (auf Wunsch)<\/li>\n<\/ul><\/div>\t<\/div>  <\/div><\/div>\n<div class='dt-sc-hr-invisible  '><\/div>\n<div class=\"dt-sc-clear\"><\/div>\n<div class='fullwidth-section skin-bg dark-bg gradient-bg '  style=\"background-repeat:no-repeat;background-position:left top;padding-top:20px;padding-bottom:1px;\">  <div class=\"fullwidth-bg\">\t<div class=\"container\"><h1 style=\"text-align: center;\"><span style=\"color: #ffffff;\"><strong>Gutscheine &amp; Bonuskarte<\/strong><\/span><\/h1>\t<\/div>  <\/div><\/div>\n<div class='dt-sc-hr-invisible-small  '><\/div>\n<div class=\"dt-sc-clear\"><\/div>\n<div class='fullwidth-section  '  style=\"background-color:#ffff;background-repeat:no-repeat;background-position:left top;padding-top:50px;padding-bottom:30px;\">  <div class=\"fullwidth-bg\">\t<div class=\"container\"><div  class='column dt-sc-one-third  first'><img loading=\"lazy\" decoding=\"async\" class=\"alignnone wp-image-6468 size-full\" src=\"http:\/\/deepa-senarath.de\/wordpress_mh\/wp-content\/uploads\/2014\/07\/Gutschein.png\" width=\"398\" height=\"89\" srcset=\"https:\/\/mobile-h\u00e4nde.de\/wp-content\/uploads\/2014\/07\/Gutschein.png 398w, https:\/\/mobile-h\u00e4nde.de\/wp-content\/uploads\/2014\/07\/Gutschein-300x67.png 300w\" sizes=\"auto, (max-width: 398px) 100vw, 398px\" \/>\n<p><span style=\"line-height: 1.5;\">Die besondere Geschenkidee! Verschenken Sie eine mobile medizinische Massage &#8211; eine originelle Idee, einen lieben Menschen zu \u00fcberraschen und zu seinem Wohlbefinden beizutragen.<\/span><\/p><\/div>\n<div  class='column dt-sc-one-third  '><div class=\"hr-invisible-very-small\">\n<img loading=\"lazy\" decoding=\"async\" class=\"aligncenter wp-image-6595\" src=\"http:\/\/deepa-senarath.de\/wordpress_mh\/wp-content\/uploads\/2014\/07\/Gutschein_1.png\" alt=\"gutschein_1\" width=\"400\" height=\"189\" srcset=\"https:\/\/mobile-h\u00e4nde.de\/wp-content\/uploads\/2014\/07\/Gutschein_1.png 595w, https:\/\/mobile-h\u00e4nde.de\/wp-content\/uploads\/2014\/07\/Gutschein_1-300x142.png 300w\" sizes=\"auto, (max-width: 400px) 100vw, 400px\" \/>\n<\/div>\n<div class=\"clear\">\n<p style=\"text-align: center;\"><a href='https:\/\/mobile-h\u00e4nde.de\/wordpress_mh\/gutscheine\/' target='_new'  class='dt-sc-button     medium  ' >Gutscheine<\/a><\/div>\n<\/div>\n<div  class='column dt-sc-one-third  '><ul class='dt-sc-fancy-list type2'>\n<li><i class=\"fa fa-heart\"><\/i> wir verpacken den Gutschein liebevoll<\/li>\n<li><i class=\"fa fa-gift\"><\/i>\u00a0eine besondere Geschenkidee f\u00fcr alle Gelegenheiten<\/li>\n<\/ul><\/div>\n<div class='dt-sc-hr-invisible-small  '><\/div>\n<div class=\"dt-sc-clear\"><\/div>\t<\/div>  <\/div><\/div>\n<div class='fullwidth-section skin-bg dark-bg gradient-bg '  style=\"background-repeat:no-repeat;background-position:left top;padding-top:1px;padding-bottom:1px;\">  <div class=\"fullwidth-bg\">\t<div class=\"container\">\t<\/div>  <\/div><\/div>\n<div class='fullwidth-section  '  style=\"background-color:#ffff;background-repeat:no-repeat;background-position:left top;padding-top:50px;padding-bottom:30px;\">  <div class=\"fullwidth-bg\">\t<div class=\"container\"><div  class='column dt-sc-one-third  first'><img loading=\"lazy\" decoding=\"async\" class=\"wp-image-6437 size-full alignnone\" src=\"http:\/\/deepa-senarath.de\/wordpress_mh\/wp-content\/uploads\/2014\/07\/Bonuskarte_2.png\" alt=\"Bonuskarte_2\" width=\"398\" height=\"89\" srcset=\"https:\/\/mobile-h\u00e4nde.de\/wp-content\/uploads\/2014\/07\/Bonuskarte_2.png 398w, https:\/\/mobile-h\u00e4nde.de\/wp-content\/uploads\/2014\/07\/Bonuskarte_2-300x67.png 300w\" sizes=\"auto, (max-width: 398px) 100vw, 398px\" \/>\n<p><span style=\"line-height: 1.5;\">Sie m\u00f6chten regelm\u00e4\u00dfig \u00a0unsere mobilen medizinischen Massagen genie\u00dfen? Dann profitieren Sie von unseren Bonuskarten und sparen Sie bares Geld!<\/span><\/p><\/div>\n<div  class='column dt-sc-one-third  '><div class=\"hr-invisible-very-small\"><img loading=\"lazy\" decoding=\"async\" class=\"aligncenter wp-image-6447 size-full\" src=\"http:\/\/deepa-senarath.de\/wordpress_mh\/wp-content\/uploads\/2014\/07\/Bonuskarten.png\" alt=\"Bonuskarten\" width=\"355\" height=\"191\" srcset=\"https:\/\/mobile-h\u00e4nde.de\/wp-content\/uploads\/2014\/07\/Bonuskarten.png 355w, https:\/\/mobile-h\u00e4nde.de\/wp-content\/uploads\/2014\/07\/Bonuskarten-300x161.png 300w\" sizes=\"auto, (max-width: 355px) 100vw, 355px\" \/><\/div>\n<div class=\"clear\"><\/div>\n<p><span class=\"aligncenter\"><a href='https:\/\/mobile-h\u00e4nde.de\/wordpress_mh\/bonuskarte-6-x-30-minuten\/' target='_new'  class='dt-sc-button     medium  ' >6 x 30 Minuten<\/a> <a href='https:\/\/mobile-h\u00e4nde.de\/wordpress_mh\/bonuskarte-12\/' target='_new'  class='dt-sc-button     medium  ' >12 x 30 Minuten<\/a><\/span><\/p><\/div>\n<div  class='column dt-sc-one-third  '><ul class='dt-sc-fancy-list type2'>\n<li><i class=\"fa fa-leaf\"><\/i>\u00a0G\u00f6nnen Sie sich regelm\u00e4\u00dfig unsere medizinischen Massagen<\/li>\n<li><i class=\"fa fa-shield\"><\/i> Sparen Sie bis zu 50 \u20ac mit unseren Bonuskarten<\/li>\n<\/ul><\/div>\t<\/div>  <\/div><\/div>\n","protected":false},"excerpt":{"rendered":"","protected":false},"author":1,"featured_media":0,"parent":0,"menu_order":0,"comment_status":"open","ping_status":"closed","template":"tpl-fullwidth.php","meta":{"footnotes":""},"class_list":["post-4941","page","type-page","status-publish","hentry"],"_links":{"self":[{"href":"https:\/\/mobile-h\u00e4nde.de\/wordpress_mh\/wp-json\/wp\/v2\/pages\/4941","targetHints":{"allow":["GET"]}}],"collection":[{"href":"https:\/\/mobile-h\u00e4nde.de\/wordpress_mh\/wp-json\/wp\/v2\/pages"}],"about":[{"href":"https:\/\/mobile-h\u00e4nde.de\/wordpress_mh\/wp-json\/wp\/v2\/types\/page"}],"author":[{"embeddable":true,"href":"https:\/\/mobile-h\u00e4nde.de\/wordpress_mh\/wp-json\/wp\/v2\/users\/1"}],"replies":[{"embeddable":true,"href":"https:\/\/mobile-h\u00e4nde.de\/wordpress_mh\/wp-json\/wp\/v2\/comments?post=4941"}],"version-history":[{"count":175,"href":"https:\/\/mobile-h\u00e4nde.de\/wordpress_mh\/wp-json\/wp\/v2\/pages\/4941\/revisions"}],"predecessor-version":[{"id":7174,"href":"https:\/\/mobile-h\u00e4nde.de\/wordpress_mh\/wp-json\/wp\/v2\/pages\/4941\/revisions\/7174"}],"wp:attachment":[{"href":"https:\/\/mobile-h\u00e4nde.de\/wordpress_mh\/wp-json\/wp\/v2\/media?parent=4941"}],"curies":[{"name":"wp","href":"https:\/\/api.w.org\/{rel}","templated":true}]}}