{"id":6087,"date":"2016-07-22T08:29:14","date_gmt":"2016-07-22T06:29:14","guid":{"rendered":"http:\/\/deepa-senarath.de\/wordpress_mh\/?page_id=6087"},"modified":"2022-04-14T22:05:56","modified_gmt":"2022-04-14T20:05:56","slug":"masseur","status":"publish","type":"page","link":"https:\/\/mobile-h\u00e4nde.de\/wordpress_mh\/masseur\/","title":{"rendered":"Masseur"},"content":{"rendered":"<div class='fullwidth-section  '  style=\"background-repeat:no-repeat;background-position:left top;padding-bottom:10px;\">  <div class=\"fullwidth-bg\">\t<div class=\"container\"><div class='dt-sc-hr-invisible-small  '><\/div>\n<div class=\"dt-sc-clear\"><\/div>\n<div  class='column dt-sc-one-half  first'><img loading=\"lazy\" decoding=\"async\" class=\"alignnone wp-image-7027 size-full\" src=\"http:\/\/mobile-h\u00e4nde.de\/wp-content\/uploads\/2016\/07\/Deepa_senarath_4-1.jpg\" width=\"675\" height=\"450\" srcset=\"https:\/\/mobile-h\u00e4nde.de\/wp-content\/uploads\/2016\/07\/Deepa_senarath_4-1.jpg 675w, https:\/\/mobile-h\u00e4nde.de\/wp-content\/uploads\/2016\/07\/Deepa_senarath_4-1-300x200.jpg 300w\" sizes=\"auto, (max-width: 675px) 100vw, 675px\" \/>\n<h3>Meine Spezialgebiete:<\/h3>\n<ul class='dt-sc-fancy-list type2'>\n<li><i class=\"fa fa-leaf\"><\/i>Medizinische Massagen<\/li>\n<li><i class=\"fa fa-leaf\"><\/i>Kopfschmerztherapie<\/li>\n<li><i class=\"fa fa-leaf\"><\/i>Shiatsu-Massagen<\/li>\n<li><i class=\"fa fa-leaf\"><\/i>Ayurveda-Massagen<\/li>\n<li><i class=\"fa fa-leaf\"><\/i>Akupressur<\/li>\n<li><i class=\"fa fa-leaf\"><\/i>Fu\u00dfreflexzonenmassage<\/li>\n<\/ul>\n<p class=\"dark-title\"><div class='dt-sc-titled-box  red '><h6 class='dt-sc-titled-box-title' >  M\u00f6chten Sie beraten werden?<\/h6><div class='dt-sc-titled-box-content'>Gerne beantworte ich Ihre Fragen in einem ersten unverbindlichem Gespr\u00e4ch. So finden wir schnell heraus welche Massage die Beste ist, um Ihre Beschwerden zu lindern.<\/div><\/div>\n<p class=\"dt-sc-contact-info\"><i class='fa fa-phone'><\/i>Telefon : <span>0160-96217723<\/span><\/p>\n<p class=\"dt-sc-contact-info\"><i class='fa fa-envelope'><\/i>Email : <a href='mailto:info@mobile-haende.de'>info@mobile-haende.de<\/a><\/p>\n<div class='dt-sc-hr-invisible-small  '><\/div>\n<a href='http:\/\/deepa-senarath.de\/wordpress_mh\/contact-layout-2' target='_blank'  class='dt-sc-button     medium  ' >BERATEN SIE MICH!<\/a><\/div>\n<div  class='column dt-sc-one-half  '><h2><\/h2>\n<p>Mein Name ist J.D. Senarath, ich wurde 1967 in Sri Lanka geboren und bin als Kind von Diplomaten in Bonn aufgewachsen. Im Jahr 1988 begann ich meine Ausbildung zum staatlich anerkannten medizinischen Masseur an der Privatschule Dr. Gierlich in K\u00f6ln Michaelshoven. Ich verf\u00fcge \u00fcber langj\u00e4hrige Berufserfahrung und habe mehr als 20 Jahre eine eigene Praxis in Rath-Heumar gehabt.<\/p>\n<p>In zahlreichen Fort- und Weiterbildungen verfeinere ich regelm\u00e4\u00dfig die verschiedenen Massagetechniken, um bei meinen Kunden stets die bestm\u00f6glichen Behandlungsergebnisse erzielen zu k\u00f6nnen. Neben den klassischen Massagen liegt mein Schwerpunkt in der Ayurveda-Massage. Die Technik der &#8222;liebevollen H\u00e4nde&#8220;, wie diese Massagetechnik auch genannt wird, erlernte ich in Sri Lanka durch meine Ausbildung zum Ayurveda-Therapeut.<\/p>\n<p>In einer Zeit, in der die Menschen verst\u00e4rkt \u00fcber Zeitmangel klagen und sich nur selten Zeit f\u00fcr ihre Gesundheit nehmen, habe ich mich entschieden, meine Praxis aufzugeben und die mobile medizinische Massage bei meinen Kunden zu Hause anzubieten. In gewohnter h\u00e4uslicher Umgebung genie\u00dfen meine Kunden jede Massage noch mehr und entspannen schnell und langanhaltend.<\/p>\n<p>M\u00f6chten auch Sie sich von meinen F\u00e4higkeiten als Masseur \u00fcberzeugen? &#8211; Vereinbaren Sie hier ein erstes pers\u00f6nliches Beratungsgespr\u00e4ch.\n<div class='dt-sc-hr-invisible-small  '><\/div>\n<div class=\"dt-sc-clear\"><\/div><\/div>\n<div  class='column dt-sc-one-half  '><h3 class=\"dark-title\">Meine Ausbildung:<\/h3>\n<ul>\n<li>1988 Ausbildung zum staatlich anerkannten medizinischen Masseur in der Privatschule Dr. Gierlich in K\u00f6ln Michaelshoven<\/li>\n<li>Ausbildung zum Ayurveda-Therapeut in Sri Lanka<\/li>\n<\/ul>\n<h3>Weiterbildung:<\/h3>\n<ul>\n<li>Akupressur<\/li>\n<li>Aromatherapie<\/li>\n<li>Shiatsu<\/li>\n<\/ul>\n<h3><\/h3>\n<div class='dt-sc-hr-invisible-small  '><\/div>\n<div class=\"dt-sc-clear\"><\/div>\n<h3>Sonstiges:<\/h3>\n<ul>\n<li>langj\u00e4hrige Berufserfahrung<\/li>\n<li>mehr als 20 Jahre eine eigene Praxis<\/li>\n<li>Physiotherapeutische Betreuung von Sportvereinen<\/li>\n<\/ul>\n<div class='dt-sc-hr-invisible-small  '><\/div>\n<div class=\"dt-sc-clear\"><\/div><\/div>\n<div  class='column dt-sc-one-half  first'><\/div>\n<h3 class=\"dark-title\">\t<\/div>  <\/div><\/div><\/h3>\n<p style=\"text-align: center;\">\n","protected":false},"excerpt":{"rendered":"","protected":false},"author":1,"featured_media":0,"parent":0,"menu_order":0,"comment_status":"closed","ping_status":"closed","template":"","meta":{"footnotes":""},"class_list":["post-6087","page","type-page","status-publish","hentry"],"_links":{"self":[{"href":"https:\/\/mobile-h\u00e4nde.de\/wordpress_mh\/wp-json\/wp\/v2\/pages\/6087","targetHints":{"allow":["GET"]}}],"collection":[{"href":"https:\/\/mobile-h\u00e4nde.de\/wordpress_mh\/wp-json\/wp\/v2\/pages"}],"about":[{"href":"https:\/\/mobile-h\u00e4nde.de\/wordpress_mh\/wp-json\/wp\/v2\/types\/page"}],"author":[{"embeddable":true,"href":"https:\/\/mobile-h\u00e4nde.de\/wordpress_mh\/wp-json\/wp\/v2\/users\/1"}],"replies":[{"embeddable":true,"href":"https:\/\/mobile-h\u00e4nde.de\/wordpress_mh\/wp-json\/wp\/v2\/comments?post=6087"}],"version-history":[{"count":93,"href":"https:\/\/mobile-h\u00e4nde.de\/wordpress_mh\/wp-json\/wp\/v2\/pages\/6087\/revisions"}],"predecessor-version":[{"id":7144,"href":"https:\/\/mobile-h\u00e4nde.de\/wordpress_mh\/wp-json\/wp\/v2\/pages\/6087\/revisions\/7144"}],"wp:attachment":[{"href":"https:\/\/mobile-h\u00e4nde.de\/wordpress_mh\/wp-json\/wp\/v2\/media?parent=6087"}],"curies":[{"name":"wp","href":"https:\/\/api.w.org\/{rel}","templated":true}]}}